?
True
Is 16793 composite?
True
Is 3191005 a prime number?
False
Is 15109 prime?
False
Is 288227 composite?
False
Is 244529 a prime number?
True
Is 14623 a prime number?
False
Is 54413 composite?
False
Is 66457 a composite number?
False
Is 1446353 composite?
False
Is 5435 a prime number?
False
Is 34453 composite?
True
Is 1207249 a composite number?
False
Is 43261 prime?
True
Is 1068727 a prime number?
False
Is 267 a prime number?
False
Is 46807 a composite number?
False
Is 1457 a composite number?
True
Is 21139 prime?
True
Is 45337 a composite number?
False
Is 94834 composite?
True
Is 3761 a composite number?
False
Is 136702 a composite number?
True
Is 628293 composite?
True
Is 143137 prime?
True
Is 317293 prime?
False
Is 9079 a composite number?
True
Is 57355 composite?
True
Is 556081 a composite number?
True
Is 700919 a composite number?
False
Is 909679 prime?
True
Is 45497 a composite number?
False
Is 1793 a prime number?
False
Is 52961 a composite number?
True
Is 18973 composite?
False
Is 15643 a composite number?
False
Is 358667 a composite number?
False
Is 5758 a prime number?
False
Is 13441 composite?
False
Is 139 composite?
False
Is 65414 a composite number?
True
Is 2382917 composite?
False
Is 5563 prime?
True
Is 22343 prime?
True
Is 13291 a composite number?
False
Is 65167 a prime number?
True
Is 187417 a prime number?
True
Is 510361 prime?
True
Is 12349 composite?
True
Is 92483 a prime number?
False
Is 245513 a prime number?
True
Is 902333 a composite number?
False
Is 234527 prime?
True
Is 8997 prime?
False
Is 403 composite?
True
Is 10559 prime?
True
Is 18787 a composite number?
False
Is 307 composite?
False
Is 789 prime?
False
Is 849911 prime?
False
Is 469397 prime?
True
Is 482633 prime?
True
Is 119653 a prime number?
True
Is 1524097 a composite number?
False
Is 673 composite?
False
Is 36433 prime?
True
Is 47129 composite?
False
Is 869 composite?
True
Is 1444043 a composite number?
False
Is 877 a composite number?
False
Is 173429 a prime number?
True
Is 5141 prime?
False
Is 2819 a composite number?
False
Is 186419 composite?
False
Is 193999 composite?
True
Is 172789 a composite number?
True
Is 10157 prime?
False
Is 13613 prime?
True
Is 3749 prime?
False
Is 82529 prime?
True
Is 206699 composite?
False
Is 153929 composite?
False
Is 53957 a composite number?
True
Is 9803 a composite number?
False
Is 49429 composite?
False
Is 1943 a prime number?
False
Is 4369 prime?
False
Is 10193 a composite number?
False
Is 1177 a prime number?
False
Is 86047 composite?
True
Is 196943 a composite number?
True
Is 15837 a prime number?
False
Is 245059 a composite number?
True
Is 1361 composite?
False
Is 23783 a composite number?
True
Is 8663 a prime number?
True
Is 14635 prime?
False
Is 12953 a prime number?
True
Is 767 composite?
True
Is 10817 a composite number?
True
Is 8057 a prime number?
False
Is 3541 a composite number?
False
Is 48041 composite?
True
Is 68641 a composite number?
True
Is 2095 prime?
False
Is 20991 a prime number?
False
Is 241421 composite?
False
Is 7411 composite?
False
Is 676189 a composite number?
True
Is 50223 a composite number?
True
Is 126143 composite?
False
Is 737 composite?
True
Is 2203 a prime number?
True
Is 45418 a composite number?
True
Is 126353 a composite number?
True
Is 1602662 a composite number?
True
Is 46351 a composite number?
False
Is 48109 prime?
True
Is 5779 a composite number?
False
Is 220474 composite?
True
Is 903219 a composite number?
True
Is 100994 a prime number?
False
Is 10709 composite?
False
Is 20513 composite?
True
Is 677011 composite?
False
Is 84047 a prime number?
True
Is 10133 a prime number?
True
Is 67097 prime?
False
Is 81967 composite?
False
Is 1054013 a prime number?
True
Is 133649 composite?
False
Is 1751606 prime?
False
Is 46007 prime?
False
Is 54517 composite?
False
Is 16045 a prime number?
False
Is 17693 composite?
True
Is 3253209 prime?
False
Is 23677 composite?
False
Is 170993 a prime number?
False
Is 174851 a prime number?
True
Is 20486 composite?
True
Is 1057318 prime?
False
Is 97627 prime?
False
Is 34199 prime?
False
Is 137567 composite?
False
Is 2176373 composite?
False
Is 2836859 a composite number?
True
Is 104549 a composite number?
False
Is 558439 prime?
False
Is 53069 a composite number?
False
Is 311653 prime?
True
Is 174113 a prime number?
False
Is 196211 composite?
True
Is 61331 composite?
False
Is 11519 a composite number?
False
Is 19235 prime?
False
Is 94421 a prime number?
True
Is 1511 composite?
False
Is 679 a prime number?
False
Is 12149 prime?
True
Is 953 prime?
True
Is 38039 a composite number?
False
Is 135878 prime?
False
Is 310487 composite?
True
Is 5963 prime?
False
Is 16411 composite?
False
Is 111526 a composite number?
True
Is 1801 prime?
True
Is 4115051 prime?
True
Is 16327 a prime number?
False
Is 41929 a prime number?
False
Is 213173 prime?
True
Is 1321727 composite?
True
Is 208613 a prime number?
False
Is 21745 composite?
True
Is 8939 composite?
True
Is 7061 composite?
True
Is 42621 prime?
False
Is 6247 composite?
False
Is 60413 prime?
True
Is 226079 a composite number?
True
Is 49193 composite?
False
Is 31687 a composite number?
False
Is 5923 a composite number?
False
Is 17417 prime?
True
Is 14939 composite?
False
Is 99263 composite?
True
Is 3967 a prime number?
True
Is 29615 a composite number?
True
Is 11303 a prime number?
False
Is 2532169 composite?
True
Is 24711 a composite number?
True
Is 644951 a composite number?
False
Is 3589 composite?
True
Is 894711 composite?
True
Is 201473 prime?
True
Is 5623 a prime number?
True
Is 12793 a prime number?
False
Is 1089359 prime?
True
Is 23789 composite?
False
Is 12953 composite?
False
Is 465482 a composite number?
True
Is 36037 prime?
True
Is 216919 prime?
True
Is 2568983 a composite number?
False
Is 4321 composite?
True
Is 21779 prime?
False
Is 12827 a composite number?
True
Is 103297 composite?
True
Is 59387 a composite number?
False
Is 192307 prime?
True
Is 2334361 prime?
True
Is 1087 a prime number?
True
Is 32113 a prime number?
False
Is 653389 prime?
False
Is 45371 a composite number?
True
Is 28507 prime?
False
Is 4727 prime?
False
Is 352883 composite?
False
Is 25427 a prime number?
False
Is 1162309 a prime number?
False
Is 19241 prime?
False
Is 505 prime?
False
Is 199117 a prime number?
False
Is 19177 prime?
False
Is 61651 prime?
True
Is 64799 a prime number?
False
Is 105991 prime?
False
Is 162881 prime?
True
Is 90205 a composite number?
True
Is 75913 composite?
False
Is 171971 prime?
False
Is 3106867 a composite number?
False
Is 43201 prime?
True
Is 281233 prime?
True
Is 16333 composite?
False
Is 39869 prime?
True
Is 86251 prime?
False
Is 1399 a prime number?
True
Is 323027 prime?
True
Is 1958257 a composite number?
True
Is 103063 a composite number?
True
Is 17669 composite?
False
Is 188957 composite?
False
Is 29897 a prime number?
False
Is 1365781 composite?
True
Is 2238749 a prime number?
True
Is 36731 a prime number?
False
Is 8341 a prime number?
False
Is 36107 composite?
False
Is 1018583 prime?
True
Is 8419 prime?
True
Is 2371 a prime number?
True
Is 16879 prime?
True
Is 45706 a composite number?
True
Is 14051 a prime number?
True
Is 5129 a prime number?
False
Is 15877 composite?
False
Is 26473 prime?
False
Is 5137 a composite number?
True
Is 14143 a prime number?
True
Is 1543 a composite number?
False
Is 67169 a prime number?
True
Is 191579 a composite number?
False
Is 173177 a prime number?
True
Is 34787 a composite number?
True
Is 346 a prime number?
False
Is 13283 prime?
False
Is 290459 composite?
True
Is 29101 composite?
False
Is 5039 composite?
False
Is 2228701 a prime number?
False
Is 1346047 prime?
False
Is 47251 a prime number?
True
Is 38765 prime?
False
Is 1726459 a composite number?
True
Is 35759 a composite number?
False
Is 106889 a composite number?
True
Is 25031 a prime number?
True
Is 7393 composite?
False
Is 9517 a prime number?
False
Is 2169071 a composite number?
False
Is 23453 prime?
False
Is 31819 composite?
True
Is 40489 composite?
True
Is 50821 a composite number?
False
Is 13291 a composite number?
False
Is 1819681 composite?
True
Is 35011 a composite number?
True
Is 20729 a composite number?
True
Is 1213 a prime number?
True
Is 2762 a composite number?
True
Is 14503 a prime num